8.
2, 11
List the prime factors of 68795.
5, 13759
List the prime factors of 462.
2, 3, 7, 11
List the prime factors of 1799.
7, 257
What are the prime factors of 6670?
2, 5, 23, 29
List the prime factors of 12008.
2, 19, 79
List the prime factors of 534.
2, 3, 89
What are the prime factors of 108413?
108413
What are the prime factors of 94515?
3, 5, 6301
List the prime factors of 56288.
2, 1759
List the prime factors of 5336.
2, 23, 29
What are the prime factors of 358?
2, 179
What are the prime factors of 13498?
2, 17, 397
What are the prime factors of 1167?
3, 389
List the prime factors of 121.
11
List the prime factors of 191.
191
List the prime factors of 4276.
2, 1069
What are the prime factors of 393?
3, 131
What are the prime factors of 5131?
7, 733
What are the prime factors of 12495?
3, 5, 7, 17
List the prime factors of 1338.
2, 3, 223
List the prime factors of 6731.
53, 127
List the prime factors of 33864.
2, 3, 17, 83
List the prime factors of 1207.
17, 71
List the prime factors of 34124.
2, 19, 449
List the prime factors of 671.
11, 61
List the prime factors of 59496.
2, 3, 37, 67
What are the prime factors of 7939?
17, 467
What are the prime factors of 954?
2, 3, 53
List the prime factors of 39246.
2, 3, 31, 211
List the prime factors of 21023.
21023
List the prime factors of 13202.
2, 7, 23, 41
What are the prime factors of 36820?
2, 5, 7, 263
List the prime factors of 925.
5, 37
What are the prime factors of 32991?
3, 7, 1571
What are the prime factors of 6381?
3, 709
What are the prime factors of 96206?
2, 11, 4373
What are the prime factors of 339?
3, 113
List the prime factors of 22885.
5, 23, 199
What are the prime factors of 1882?
2, 941
List the prime factors of 19849.
23, 863
What are the prime factors of 962?
2, 13, 37
What are the prime factors of 12426?
2, 3, 19, 109
What are the prime factors of 131820?
2, 3, 5, 13
What are the prime factors of 3575?
5, 11, 13
What are the prime factors of 2443?
7, 349
List the prime factors of 1724.
2, 431
List the prime factors of 59900.
2, 5, 599
List the prime factors of 89.
89
What are the prime factors of 114125?
5, 11, 83
List the prime factors of 27068.
2, 67, 101
List the prime factors of 3052.
2, 7, 109
List the prime factors of 82647.
3, 3061
What are the prime factors of 323?
17, 19
List the prime factors of 5672.
2, 709
List the prime factors of 29139.
3, 11, 883
What are the prime factors of 40877?
41, 997
List the prime factors of 15812.
2, 59, 67
What are the prime factors of 13636?
2, 7, 487
List the prime factors of 1928.
2, 241
List the prime factors of 1964.
2, 491
List the prime factors of 16718.
2, 13, 643
What are the prime factors of 98697?
3, 167, 197
What are the prime factors of 2731?
2731
What are the prime factors of 1199?
11, 109
List the prime factors of 219.
3, 73
List the prime factors of 4645.
5, 929
What are the prime factors of 68361?
3, 22787
What are the prime factors of 6800?
2, 5, 17
What are the prime factors of 54704?
2, 13, 263
List the prime factors of 64740.
2, 3, 5, 13, 83
What are the prime factors of 19223?
47, 409
What are the prime factors of 42229?
11, 349
List the prime factors of 17005.
5, 19, 179
What are the prime factors of 1682?
2, 29
What are the prime factors of 12092?
2, 3023
List the prime factors of 5517.
3, 613
What are the prime factors of 310?
2, 5, 31
List the prime factors of 1083.
3, 19
List the prime factors of 8829.
3, 109
List the prime factors of 1004.
2, 251
What are the prime factors of 413?
7, 59
What are the prime factors of 115777?
115777
List the prime factors of 28539.
3, 7, 151
What are the prime factors of 38644?
2, 9661
List the prime factors of 18597.
3, 6199
What are the prime factors of 1228?
2, 307
List the prime factors of 685.
5, 137
What are the prime factors of 27469?
13, 2113
List the prime factors of 878.
2, 439
What are the prime factors of 2295?
3, 5, 17
List the prime factors of 26531.
43, 617
What are the prime factors of 2401?
7
What are the prime factors of 1308?
2, 3, 109
List the prime factors of 751.
751
What are the prime factors of 10344?
2, 3, 431
What are the prime factors of 1754?
2, 877
List the prime factors of 24032.
2, 751
List the prime factors of 2749.
2749
List the prime factors of 1709.
1709
What are the prime factors of 38936?
2, 31, 157
What are the prime factors of 778?
2, 389
List the prime factors of 21184.
2, 331
List the prime factors of 769.
769
What are the prime factors of 4636?
2, 19, 61
What are the prime factors of 12965?
5, 2593
What are the prime factors of 3356?
2, 839
What are the prime factors of 831?
3, 277
What are the prime factors of 4051?
4051
What are the prime factors of 75062?
2, 13, 2887
What are the prime factors of 1007?
19, 53
List the prime factors of 7022.
2, 3511
List the prime factors of 99901.
99901
List the prime factors of 89.
89
List the prime factors of 30010.
2, 5, 3001
List the prime factors of 1713.
3, 571
List the prime factors of 963.
3, 107
What are the prime factors of 5127?
3, 1709
What are the prime factors of 4755?
3, 5, 317
List the prime factors of 7070.
2, 5, 7, 101
List the prime factors of 50441.
50441
What are the prime factors of 1076?
2, 269
List the prime factors of 27889.
167
List the prime factors of 2800.
2, 5, 7
What are the prime factors of 49865?
5, 9973
What are the prime factors of 15388?
2, 3847
List the prime factors of 738.
2, 3, 41
What are the prime factors of 489?
3, 163
List the prime factors of 141759.
3, 19, 829
List the prime factors of 19310.
2, 5, 1931
List the prime factors of 777.
3, 7, 37
List the prime factors of 745.
5, 149
What are the prime factors of 503?
503
What are the prime factors of 23687?
23687
What are the prime factors of 2391?
3, 797
List the prime factors of 31440.
2, 3, 5, 131
What are the prime factors of 4419?
3, 491
What are the prime factors of 24724?
2, 7, 883
What are the prime factors of 15302?
2, 7, 1093
List the prime factors of 10430.
2, 5, 7, 149
List the prime factors of 6196.
2, 1549
What are the prime factors of 2663?
2663
List the prime factors of 1383.
3, 461
What are the prime factors of 176057?
7, 3593
List the prime factors of 48811.
7, 19, 367
What are the prime factors of 47876?
2, 11969
What are the prime factors of 82329?
3, 13, 2111
What are the prime factors of 9143?
41, 223
What are the prime factors of 24139?
101, 239
List the prime factors of 2196.
2, 3, 61
What are the prime factors of 15111?
3, 23, 73
What are the prime factors of 14061?
3, 43, 109
List the prime factors of 17.
17
What are the prime factors of 9221?
9221
List the prime factors of 1009.
1009
What are the prime factors of 1035?
3, 5, 23
What are the prime factors of 2440?
2, 5, 61
What are the prime factors of 21162?
2, 3, 3527
What are the prime factors of 784?
2, 7
List the prime factors of 169.
13
List the prime factors of 1121.
19, 59
List the prime factors of 12998.
2, 67, 97
List the prime factors of 6438.
2, 3, 29, 37
What are the prime factors of 2394?
2, 3, 7, 19
What are the prime factors of 56256?
2, 3, 293
What are the prime factors of 20523?
3, 6841
List the prime factors of 10950.
2, 3, 5, 73
List the prime factors of 28176.
2, 3, 587
What are the prime factors of 208?
2, 13
List the prime factors of 175490.
2, 5, 7, 23, 109
What are the prime factors of 10146?
2, 3, 19, 89
List the prime factors of 1424.
2, 89
List the prime factors of 10344.
2, 3, 431
List the prime factors of 47040.
2, 3, 5, 7
List the prime factors of 16774.
2, 8387
What are the prime factors of 1742?
2, 13, 67
What are the prime factors of 3877?
3877
What are the prime factors of 86917?
23, 3779
List the prime factors of 48176.
2, 3011
List the prime factors of 20415.
3, 5, 1361
List the prime factors of 1850.
2, 5, 37
List the prime factors of 5874.
2, 3, 11, 89
What are the prime factors of 2291?
29, 79
List the prime factors of 18169.
18169
What are the prime factors of 4420?
2, 5, 13, 17
What are the prime factors of 1400?
2, 5, 7
What are the prime factors of 11920?
2, 5, 149
What are the prime factors of 6358?
2, 11, 17
List the prime factors of 14869.
14869
List the prime factors of 2503.
2503
List the prime factors of 12470.
2, 5, 29, 43
List the prime factors of 23302.
2, 61, 191
L